(-50).
4
Let p(u) = 446*u**2 - 106155*u + 117. Give p(238).
-1549
Let k(r) = -r**2 + 2104*r + 79218. What is k(-37)?
1
Let w(i) = -118*i + 4864. Give w(30).
1324
Let j(q) = 29777*q + 416881. Give j(-14).
3
Let z(h) = -h**3 - 3*h**2 + 1155*h + 10332. What is z(-30)?
-18
Let z(v) = -40*v**2 - 9960*v + 26. Determine z(-249).
26
Let f(k) = 3*k**3 + 58*k**2 - 162*k + 302. Give f(-22).
-6
Let o(c) = 3*c**3 - 1432*c**2 + 3325*c - 62. Calculate o(475).
-62
Let d(t) = -t**3 + 15*t**2 - 79*t + 386. Determine d(7).
225
Let i(g) = 23*g**2 + 614*g - 23. Determine i(-23).
-1978
Let l(d) = -7*d**3 - 817*d - 2424. Calculate l(-3).
216
Let h(u) = -26867*u + 429906. Determine h(16).
34
Let j(z) = -z**2 - 1691*z - 144089. Determine j(-90).
1
Let p(t) = 5427*t - 16993. Give p(3).
-712
Let q(i) = -29*i**3 - 3482*i**2 - 256*i - 1926. What is q(-120)?
-6
Let d(s) = s**2 - 721*s - 201231. Give d(-215).
9
Let a(i) = i**3 + 68*i**2 + 120*i - 407. Determine a(-66).
385
Let r(z) = -3*z**3 + 362*z**2 + 119*z + 375. What is r(121)?
133
Let g(z) = z**3 + 10*z**2 - 123*z - 1053. Determine g(-7).
-45
Let l(r) = -3369*r - 253030. Give l(-75).
-355
Let n(m) = 125*m + 9336. Give n(-74).
86
Let k(p) = 4803*p + 4781. Calculate k(-1).
-22
Let a(q) = -5603*q - 33264. What is a(-6)?
354
Let q(m) = -7179*m - 93445. Calculate q(-13).
-118
Let q(u) = 16431*u + 1084431. Determine q(-66).
-15
Let v(b) = 14520*b - 116157. What is v(8)?
3
Let r(h) = -161*h**2 + 3326*h + 1155. Calculate r(21).
0
Let b(p) = -8*p**3 + 9*p**2 - 132*p + 253. Determine b(2).
-39
Let d(t) = 9660*t + 6906896. What is d(-715)?
-4
Let j(l) = 2*l**3 - 33*l**2 - 175*l + 2365. Give j(17).
-321
Let l(z) = 2*z**3 - 14352*z**2 + 57375*z + 31. What is l(4)?
27
Let m(p) = -14614*p + 233859. What is m(16)?
35
Let o(r) = r**3 - 232*r**2 - 3182*r - 64448. Calculate o(246).
4
Let d(y) = -y**2 + 1040*y - 2052. Determine d(2).
24
Let m(v) = 10*v**3 + 81*v**2 + 315*v + 947. Give m(-6).
-187
Let q(t) = 9*t**3 + 534*t**2 + 187*t - 12. Determine q(-59).
-602
Let u(p) = -12*p**3 - 122*p**2 + 1153*p + 55. Calculate u(6).
-11
Let y(x) = -x**3 + 56*x**2 - 398*x + 808. Calculate y(48).
136
Let l(u) = 2*u**3 - 91*u**2 + 1883*u - 88727. Give l(46).
7
Let i(g) = -g**2 - 52230*g - 4276159. Calculate i(-82).
-23
Let b(u) = 21*u**2 - 46*u + 397. Determine b(11).
2432
Let n(t) = 62*t**2 - 787*t - 282. Calculate n(13).
-35
Let j(w) = 67*w - 357. Determine j(0).
-357
Let m(v) = -12*v**3 + 379*v**2 - 1882*v - 1. What is m(5)?
-1436
Let a(y) = -620*y**2 - 1854*y - 26. Determine a(-3).
-44
Let n(x) = -x**3 + 48*x**2 + 600*x + 3420. Calculate n(59).
529
Let k(z) = -43*z**2 - 84*z + 55. Determine k(5).
-1440
Let f(o) = 253358*o - 1520150. Calculate f(6).
-2
Let g(s) = -102*s - 9091. Give g(-80).
-931
Let s(t) = t**3 - 128*t**2 - 855*t - 12182. What is s(135)?
-32
Let t(y) = -24*y**3 + 4175*y**2 + 179*y - 875. What is t(174)?
-5
Let v(s) = 336*s + 59418. Determine v(-177).
-54
Let c(q) = -444384*q + 4888227. Calculate c(11).
3
Let s(w) = -w**2 - 112*w + 3038. Calculate s(-135).
-67
Let c(j) = -26170*j + 340518. Give c(13).
308
Let u(g) = -2*g**3 - 16*g**2 + 102*g + 800. Calculate u(-7).
-12
Let h(u) = 363*u + 17156. Determine h(-47).
95
Let r(s) = 3681*s - 260028. Determine r(70).
-2358
Let m(v) = 103*v - 1162. Calculate m(5).
-647
Let u(i) = 3127*i + 875511. Calculate u(-280).
-49
Let s(p) = 252*p**2 + 1788*p + 180. What is s(-7)?
12
Let n(w) = 597*w + 162589. Calculate n(-272).
205
Let b(q) = 181*q - 651. What is b(13)?
1702
Let d(z) = -501*z**2 - 36582*z - 176. Calculate d(-73).
481
Let x(r) = -23*r**2 + 6963*r - 18898. What is x(300)?
2
Let z(r) = -r**3 + 22*r**2 - 455*r + 1818. Determine z(5).
-32
Let k(o) = 4795*o - 215813. Determine k(45).
-38
Let c(r) = -r**3 - 279*r**2 - 2617*r - 50476. Give c(-270).
14
Let c(y) = 1414*y - 56288. What is c(43)?
4514
Let i(t) = t**3 - 17*t**2 - 129*t + 426. What is i(23)?
633
Let q(c) = -715*c**2 - 3554*c + 86. Calculate q(-5).
-19
Let w(q) = 137765*q + 964349. Give w(-7).
-6
Let v(t) = -818*t + 94893. Determine v(116).
5
Let h(g) = 20*g**2 + 165*g + 989. Give h(-10).
1339
Let d(z) = -7192*z - 71884. Determine d(-10).
36
Let p(h) = -20*h**2 - 298*h - 5. Give p(-4).
867
Let c(n) = -474*n - 61822. Calculate c(-130).
-202
Let p(r) = -2*r**2 - 172*r - 63. Calculate p(-86).
-63
Let i(k) = 769*k + 46755. Calculate i(-61).
-154
Let x(f) = -28*f**3 + 71*f**2 + 144*f - 297. Determine x(3).
18
Let x(w) = 2818*w + 642514. Calculate x(-228).
10
Let b(z) = -508*z + 2040. What is b(5)?
-500
Let b(h) = -h**3 - 43*h**2 + 1476*h - 2889. What is b(-66)?
-117
Let g(s) = 7*s**2 - 61*s + 114. Calculate g(6).
0
Let u(g) = 5655*g**2 - 45210*g + 4. Determine u(8).
244
Let i(a) = a**3 - 24*a**2 - 56*a - 150. Determine i(-3).
-225
Let i(z) = -38*z + 88. What is i(22)?
-748
Let k(f) = 7*f**3 - 33*f**2 + 56*f - 45. Give k(5).
285
Let r(o) = 4*o**3 - 102*o**2 - 17*o + 139. Calculate r(25).
-1536
Let a(q) = -375260*q + 4503115. Determine a(12).
-5
Let l(j) = 1313*j - 3341. Calculate l(2).
-715
Let m(f) = -87*f**3 + 7484*f**2 - 168*f - 232. Calculate m(86).
112
Let v(b) = 7*b - 656. Give v(143).
345
Let g(z) = -z**3 + 2*z**2 - 4477*z + 22433. Calculate g(5).
-27
Let t(k) = -2116*k - 6642. Determine t(-3).
-294
Let h(j) = j**3 - 282*j**2 - 4856*j + 26226. What is h(298)?
2
Let y(i) = -445*i - 23599. What is y(-53)?
-14
Let s(l) = -350*l**2 - 706*l + 711. What is s(1)?
-345
Let z(s) = -3*s**2 + 855*s - 9184. Determine z(11).
-142
Let w(i) = -2*i**2 - 57*i + 2443. Give w(22).
221
Let j(r) = -r**2 + 240*r - 3726. Determine j(214).
1838
Let y(j) = -10*j**3 - 540*j**2 - 7*j + 80. Give y(-54).
458
Let g(z) = -z**2 - 1177*z - 18636. Determine g(-16).
-60
Let f(j) = 37810*j - 75514. Give f(2).
106
Let c(b) = -1196*b - 69362. What is c(-58)?
6
Let r(g) = -80*g - 471. Calculate r(-37).
2489
Let y(a) = -a**2 - 96*a - 1452. Give y(-104).
-2284
Let a(l) = -119*l**3 + 2*l**2 - 11*l - 10. Give a(-1).
122
Let p(j) = 3*j**2 - 13308*j + 566701. Determine p(43).
4
Let z(a) = 887*a + 8098. Calculate z(-9).
115
Let a(s) = -40*s**2 - 293*s + 252. Calculate a(-8).
36
Let j(r) = -8*r**3 - 33*r**2 + 31*r - 375. Calculate j(-6).
-21
Let o(n) = 167*n + 1025. What is o(-8)?
-311
Let c(x) = -3*x**3 - 31*x**2 - 247*x - 2324. What is c(-10)?
46
Let j(v) = 43*v**3 + 423*v**2 + 376*v + 446. What is j(-9)?
-22
Let u(g) = 488*g**2 - 966*g + 5. Give u(2).
25
Let n(q) = 88*q - 10021. What is n(118)?
363
Let a(h) = -h**2 - 17*h + 20228. Give a(134).
-6
Let v(w) = 6*w**2 - 1025*w + 220. Calculate v(172).
1424
Let x(r) = r**2 + 2796*r + 359315. Give x(-135).
80
Let s(a) = a**3 + 45*a**2 - 147*a - 171. Determine s(-48).
-27
Let l(x) = x**3 - 113*x**2 + 826*x - 67055. What is l(111)?
-11
Let h(i) = i**3 - 42*i**2 - 203*i + 8743. Determine h(40).
-2577
Let q(k) = -530745*k + 2122974. What is q(4)?
-6
Let g(y) = -2*y**3 - 89*y**2 + 4*y + 93. Calculate g(-44).
-2019
Let b(v) = 4*v**3 - 178*v**2 + 1754*v - 426. Give b(30).
-6
Let u(h) = -7125*h + 63636. Give u(9).
-489
Let h(u) = 3*u**3 + 52*u**2 + 232*u + 3. Determine h(-10).
-117
Let j(t) = 10*t**2 - 111*t + 305. Give j(8).
57
Let h(z) = 23*z**3 - 51*z**2 - 24*z - 46. Determine h(-2).
-386
Let w(d) = -21*d**3 - 26*d**2 + 862*d + 296. Determine w(-7).
191
Let l(u) = -46*u**2 - 723*u + 337. Give l(-16).
129
Let s(l) = -54*l**2 - 1313*l - 2419. What is s(-2)?
-9
Let g(j) = 20705*j + 85041. Calculate g(-4).
2221
Let f(z) = z**3 + 11*z**2 + 22*z - 79. Determine f(-8).
-63
Let j(d) = 6042*d - 265842. Give j(44).
6
Let t(r) = -998*r**2 - 74853*r - 290. Calculate t(-75).
-65
Let h(v) = 75*v - 108. What is h(1)?
-33
Let w(p) = -15*p - 2174. Determine w(-128).
-254
Let i(f) = -64*f + 13091. Calculate i(205).
-29
Let d(o) = -97*o**2 + 1511*o - 43. Determine d(15).
797
Let z(a) = -a**3 - 26*a**2 + 66*a + 1850. Give z(-18).
-1930
Let g(u) = 442*u**2 + 15909*u - 123. Determine g(-36).
-15
Let l(d) = 5*d**2 + 1293*d - 26847. Determine l(-278).
119
Let h(u) = 4*u**3 + 57*u**2 - 4*u + 75. Determine h(-6).
1287
Let u(v) = -6*v**3 - 36*v**2 - 39*v - 289. What is u(-6)?
-55
Let b(f) = 9411*f - 9570. Calculate b(1).
-159
Let w(s) = 133*s**2 - 2393*s - 24. Calculate w(18).
-6
Let g(l) = -207*l + 87542. Determine g(423).
-19
Let c(z) = -z**3 - 280*z**2 + 